t - 3. Determine u(14).
-17
Let t(x) = x**3 - 5*x**2 - 3*x + 4. Determine t(6).
22
Let x(l) = -38*l - 9. Determine x(-3).
105
Let a(g) = -33*g + 105. Calculate a(3).
6
Let r(c) = c**3 - 3*c**2 + 1. Calculate r(2).
-3
Let v(x) = x**3 - 4*x**2 + 3*x - 3. What is v(2)?
-5
Let l(y) = 19*y**2 + 3*y - 6. What is l(1)?
16
Let l(m) = m**3 + 23*m**2 - 3. What is l(-23)?
-3
Let t(m) = -m**3 + 3*m**2 + 4*m. Determine t(4).
0
Let y(n) = 2*n**2 - 31*n + 14. What is y(16)?
30
Let i(a) = a**3 + 26*a**2 + 25*a - 6. Calculate i(-25).
-6
Let y(j) = j**2 - 28. Give y(-6).
8
Let b(l) = -l**3 + 11*l**2 + 3*l - 37. What is b(11)?
-4
Let u(h) = h**3 + 8*h**2 + 6*h - 10. Calculate u(-6).
26
Let l(j) = 4*j**2 - j - 5. Determine l(3).
28
Let c(i) = -i**3 + i**2 - i. What is c(-1)?
3
Let d(s) = s**3 + 6*s**2 + 3*s + 6. Give d(-5).
16
Let d(h) = h**2 + 9*h - 35. Give d(-12).
1
Let h(y) = 26*y + 77. Determine h(-3).
-1
Let i(l) = -l**3 - l**2 - l. Determine i(-1).
1
Let p(b) = b**2 - 17*b - 24. Give p(18).
-6
Let i(k) = 3*k**2 + 22*k + 30. Calculate i(-5).
-5
Let g(h) = -h**2 + 10*h - 13. Determine g(9).
-4
Let y(i) = -4*i + 2. Give y(1).
-2
Let n(f) = -f**2 - 7*f - 5. Give n(-5).
5
Let s(o) = -o**2 + 7*o - 7. Calculate s(7).
-7
Let i(h) = 4*h - 14. Give i(5).
6
Let m(h) = -3*h**2 + 15*h + 30. Determine m(-2).
-12
Let o(s) = s - 3. Determine o(15).
12
Let b(t) = 45*t**2. Calculate b(1).
45
Let i(f) = f**3 - 6*f**2 - 12*f + 58. Give i(6).
-14
Let a(r) = -43*r + 6. Give a(1).
-37
Let w(h) = 7*h**2 - 2*h + 1. Give w(1).
6
Let k(o) = -o**2 - 18*o - 68. Calculate k(-13).
-3
Let o(p) = p**2 + 22*p + 44. Determine o(-14).
-68
Let d(l) = 10*l + 8. Calculate d(-5).
-42
Let l(m) = -m**3 - 8*m**2 - 4*m + 14. Calculate l(-7).
-7
Let a(g) = 2*g - 29. What is a(11)?
-7
Let g(a) = -a. What is g(2)?
-2
Let m(q) = -8*q + 59. Calculate m(8).
-5
Let c(u) = 5*u + 38. Determine c(0).
38
Let y(j) = j**3 + j**2 - 10*j - 2. Give y(-4).
-10
Let n(l) = -l**3 + l**2 - 18. What is n(0)?
-18
Let x(t) = -26*t**2 + t. Calculate x(-1).
-27
Let k(g) = -g**2 + 12*g - 8. Calculate k(7).
27
Let j(t) = -17*t - 141. Determine j(-8).
-5
Let f(l) = -2*l**2 - 33*l - 35. What is f(-15)?
10
Let v(b) = -14*b + 6. Calculate v(0).
6
Let r(g) = g**2 - 2. Give r(-4).
14
Let r(v) = -v**2 - 11*v. What is r(0)?
0
Let g(f) = -f**2 + 12*f - 6. Calculate g(12).
-6
Let j(r) = -r**3 - 5*r**2 + 4*r - 3. What is j(-6)?
9
Let o(g) = 20*g + 7. Determine o(0).
7
Let v(p) = p**2 + p - 70. What is v(8)?
2
Let o(c) = 2*c**2 - 18*c + 15. Calculate o(8).
-1
Let t(d) = -d**2 - 21*d - 112. Calculate t(-10).
-2
Let y(v) = v**2 - 3*v + 3. Determine y(5).
13
Let w(n) = -3*n**3 - 3*n**2 + 2*n. What is w(-2)?
8
Let x(y) = -3*y + 4. Determine x(-6).
22
Let t(x) = -4*x**3 + x**2 - 3*x - 1. Calculate t(-2).
41
Let s(r) = 14*r - 1. Give s(-1).
-15
Let n(w) = w**2 - 3*w - 20. Determine n(6).
-2
Let j(z) = z**2 - 29*z + 106. Give j(24).
-14
Let m(x) = -27*x + 505. Determine m(18).
19
Let w(k) = -k + 12. What is w(9)?
3
Let x(j) = j + 14. Determine x(-11).
3
Let q(t) = -t**3 - 10*t**2 + 10*t + 107. What is q(-10)?
7
Let h(z) = 20*z**2 - 2. What is h(-1)?
18
Let y(f) = f**2 - 39*f + 226. Calculate y(7).
2
Let a(d) = -4*d + 57. Determine a(15).
-3
Let p(y) = -25*y + 1. Give p(1).
-24
Let g(u) = -29*u + 20. Calculate g(5).
-125
Let k(h) = -17*h + 31. Give k(2).
-3
Let t(n) = -9*n - 64. What is t(-10)?
26
Let z(n) = n**3 + 3*n**2 - 1. What is z(-5)?
-51
Let x(b) = b**3 + 3*b. What is x(3)?
36
Let u(p) = -8*p**2 - p - 3. Determine u(3).
-78
Let g(c) = c**3 - 8*c**2 + 4*c - 8. Give g(6).
-56
Let d(c) = 4*c - 43. Determine d(11).
1
Let h(q) = -5*q + 4. Calculate h(-2).
14
Let w(j) = -9*j**2 + 2*j. Calculate w(-2).
-40
Let x(q) = q**3 - q**2 - 8*q - 10. What is x(-4)?
-58
Let o(z) = z**2 + 11*z - 268. Calculate o(-23).
8
Let p(r) = -r**2 - 6*r - 11. Calculate p(-5).
-6
Let m(d) = -5*d - 8. What is m(-11)?
47
Let y(o) = 2*o**2 - 5*o - 1. Calculate y(4).
11
Let f(n) = n**2 - 29*n - 59. Determine f(31).
3
Let p(v) = 3*v**2 + 34*v + 81. Give p(-5).
-14
Let j(b) = b**2 - 33*b + 35. Calculate j(1).
3
Let r(p) = -22*p + 18. Determine r(7).
-136
Let a(i) = -i**3 + 4*i**2 - i + 4. What is a(5)?
-26
Let d(i) = 21*i + 142. What is d(-7)?
-5
Let k(u) = 174*u - 1909. What is k(11)?
5
Let o(j) = 9*j - 56. Give o(13).
61
Let u(l) = -3*l**3 - l**2 + l + 2. What is u(-2)?
20
Let c(r) = -r**2 + 2*r + 3. Give c(4).
-5
Let n(u) = u**3 + 12*u**2 - u + 29. Calculate n(-12).
41
Let t(d) = -9*d + 1. Give t(-2).
19
Let o(l) = -42*l - 83. Give o(-5).
127
Let k(y) = -y**2 - 2*y + 7. Calculate k(-6).
-17
Let c(x) = x**3 + 2*x**2 + 5*x - 7. What is c(0)?
-7
Let i(k) = -k**3 - 6*k**2 + 15*k + 90. What is i(-5)?
-10
Let d(q) = 2*q**3 + 4*q**2 - 29*q - 9. What is d(-5)?
-14
Let u(f) = -f**2 - f - 18. Calculate u(-7).
-60
Let m(b) = -30*b**3 + 7*b**2 - b. Give m(1).
-24
Let w(d) = -38*d - 1. Calculate w(2).
-77
Let z(p) = -151*p + 1061. Calculate z(7).
4
Let n(k) = -5*k + 5. Determine n(-4).
25
Let o(g) = -g - 10. Determine o(-7).
-3
Let i(h) = h**2 + 13*h + 44. What is i(-7)?
2
Let t(z) = -z**2 + 2*z + 31. Determine t(-4).
7
Let d(a) = -a**2 + 4*a + 6. Calculate d(-7).
-71
Let q(c) = 2*c**3 - 19*c**2 - 5*c - 3. What is q(10)?
47
Let q(l) = -7*l - 68. Determine q(-10).
2
Let m(o) = o**3 + 8*o**2 + o + 14. Give m(-8).
6
Let y(a) = a**2 - 7*a - 20. Determine y(9).
-2
Let y(g) = g**2 + 34*g. Determine y(0).
0
Let g(w) = -w**2 - 24*w - 49. Calculate g(-22).
-5
Let v(z) = z**3 - 10*z**2 + 26*z - 22. Calculate v(6).
-10
Let y(l) = l**3 - 15*l**2 + 12*l + 3. Calculate y(14).
-25
Let q(a) = -a**2 + 20*a - 32. Calculate q(18).
4
Let n(t) = -t**3 - 6*t**2 - 2*t - 3. What is n(-6)?
9
Let w(j) = j**3 - 4*j**2 + 2*j + 2. Determine w(3).
-1
Let r(k) = -k**3 - 7*k**2 + 11*k + 12. Give r(-8).
-12
Let m(j) = 2*j + 11. Calculate m(7).
25
Let j(w) = -2*w**2 - 28*w + 55. Give j(-16).
-9
Let o(c) = -6*c - 16. Calculate o(-4).
8
Let w(q) = -q**3 - 1. Give w(-1).
0
Let z(c) = -c**2 + 11*c - 6. Determine z(11).
-6
Let k(f) = 10*f - 174. Calculate k(17).
-4
Let v(j) = 2*j + 20. Give v(-9).
2
Let s(w) = 22*w - 251. Calculate s(11).
-9
Let l(f) = -13*f**3 + f**2 + f + 1. Give l(-1).
14
Let b(a) = -a**3 + 4*a**2 - 4. Give b(5).
-29
Let t(y) = -y**2 - 8*y - 4. What is t(-8)?
-4
Let p(o) = 2*o**2 - 77*o + 33. Calculate p(38).
-5
Let w(y) = -y**2 + 16*y + 1. What is w(18)?
-35
Let p(s) = -50*s**2 - 501*s - 12. What is p(-10)?
-2
Let f(p) = 4*p + 35. Determine f(-12).
-13
Let l(k) = 2*k**3 + 112*k**2 - k - 43. Calculate l(-56).
13
Let g(m) = 3*m + 119. Determine g(-26).
41
Let j(h) = h**2 + 13*h - 27. What is j(-9)?
-63
Let p(a) = -3*a**2 + 33*a - 26. Give p(10).
4
Let j(d) = -3*d - 6. Calculate j(3).
-15
Let h(k) = -k**3 + 11*k**2 - 11*k + 15. What is h(10)?
5
Let f(y) = y**3 + 8*y**2 + 7*y + 4. Determine f(-4).
40
Let x(w) = 2*w + 25. What is x(9)?
43
Let y(r) = r**3 - 13*r**2 + 30*r + 8. Calculate y(10).
8
Let t(u) = -3*u - 13. Determine t(-6).
5
Let k(r) = 2*r**3 - 4*r**2 - 4*r + 6. Calculate k(4).
54
Let n(h) = 79*h**2 - 5*h + 5. Calculate n(1).
79
Let h(t) = -2*t**2 - 4*t - 14. What is h(0)?
-14
Let z(y) = y**3 - 10*y**2 - 2*y - 12. Determine z(8).
-156
Let q(s) = s - 7. What is q(0)?
-7
Let r(v) = 40*v - 249. Determine r(6).
-9
Let z(p) = 50*p**3 - 2*p**2 + p. Calculate z(1).
49
Let g(x) = x**2 + 2*x - 3. What is g(-5)?
12
Let j(x) = -x**2 - 12*x - 12. Give j(-7).
23
Let o(x) = -x**2 + 8*x + 6. What is o(-6)?
-78
Let q(r) = -r**3 - 9*r**2 + r - 9. Determine q(-9).
-18
Let v(m) = 3*m**2 - m + 1. Give v(2).
11
Let v(b) = 41*b - 5. Calculate v(1).
36
Let w(s) = s + 13. What is w(-11)?
2
Let x(p) = -7*p + 2. Give x(2).
-12
Let b(o) = -o**3 - 3*o**2 + 4*o + 4. Calculate b(2).
-8
Let i(q) = 7*q - 30. Give i(6).
12
Let z(j) = j**3 + 15*j**2 - 33*j + 27. Calculate z(-17).
10
Let v(m) = -5*m - 105. Determine v(-28).
35
Let f(b) = -b**3 - 9*b**2 - 19*b - 17. Give f(-6).
-11
Let a(r) = r**3 - r**2 - 3*r - 1. Calculate a(-2).
-7
Let w(c) = -c - 20. What is w(-27)?
7
Let m(b) = -3*b + 27. What is m(5)?
12
Let k(s) = s**2 + 30*s - 32. Calculate k(-31).
-1
Let k(o) = o**3 + 8*o**2 + 8*o + 14. Calculate k(-7).
7
Let k(u) = u**3 - 6*u**2 + 10*u - 17. Calculate k(5).
8
Let q(a) = -a**3 + 7*a**2 - 7*a + 8. What is q(6)?
2
Let c(